{"id":73,"date":"2013-08-28T11:04:31","date_gmt":"2013-08-28T08:04:31","guid":{"rendered":"http:\/\/www.mik-el.com\/eng\/?page_id=73"},"modified":"2020-08-20T21:04:31","modified_gmt":"2020-08-20T18:04:31","slug":"iletisim","status":"publish","type":"page","link":"https:\/\/www.mik-el.com\/eng\/?page_id=73","title":{"rendered":"Contact"},"content":{"rendered":"\n<\/div>\n<div id=\"sag-iletisim\"><\/div>\n<div class=\"row\"  id=\"row-745030237\">\n\n<div class=\"col medium-6 small-12 large-6\"  ><div class=\"col-inner\"  >\n\n<h2>M\u0130K-EL ELEKTRON\u0130K <br \/>Sanayi ve Ticaret Limited \u015eirketi<\/h2>\n<p><strong>Adress<br \/><\/strong>Matbaac\u0131lar Sitesi Yolu No:56 Y\u00fczy\u0131l Mahallesi &#8211; Ba\u011fc\u0131lar 34204 \u0130STANBUL\/T\u00fcrkiye<\/p>\n<p><strong>Phone<\/strong><br \/>+90 212 629 00 08 (Pbx)<\/p>\n<p><strong>Services Phone<\/strong><br \/>+90 542 591 30 80 (Turkcell)<br \/>(Call between the hours of 08:00 to 21:00 every day.)<\/p>\n<p><strong>Fax<\/strong><br \/>+90 212 629 11 35<\/p>\n<p><strong>E-Mail<\/strong><br \/>mik-el@mik-el.com<br \/>sales@mik-el.com<br \/>support@mik-el.com<\/p>\n<p><strong>Sales Responsible (Ankara Region)<\/strong><br \/>Halil \u00c7elebi <br \/>Mobile: +90 530 417 12 37<\/p>\n\n<\/div><\/div>\n<div class=\"col medium-6 small-12 large-6\"  ><div class=\"col-inner\"  >\n\n<p><iframe loading=\"lazy\" src=\"http:\/\/maps.google.com\/maps?f=d&amp;source=s_d&amp;saddr=&amp;daddr=41.056181,28.850741&amp;hl=tr&amp;geocode=&amp;mra=dme&amp;mrsp=1&amp;sz=18&amp;sll=41.056205,28.850881&amp;sspn=0.003196,0.006968&amp;ie=UTF8&amp;ll=41.056205,28.850881&amp;spn=0.003196,0.006968&amp;output=embed\" width=\"100%\" height=\"350\" frameborder=\"0\" marginwidth=\"0\" marginheight=\"0\" scrolling=\"no\"><\/iframe><\/p>\n\n<\/div><\/div>\n\n<\/div>\n<div class=\"row\"  id=\"row-1714644150\">\n\n<div class=\"col medium-6 small-12 large-6\"  ><div class=\"col-inner\"  >\n\n<p><strong>Sales Responsible (Anatolian Side)<\/strong><br \/>Fatih Ye\u015filova <br \/>GSM: +90 530 826 46 39<\/p>\n\n<\/div><\/div>\n<div class=\"col medium-6 small-12 large-6\"  ><div class=\"col-inner\"  >\n\n\n<\/div><\/div>\n\n<\/div>\n\n<div class=\"wpcf7 no-js\" id=\"wpcf7-f1134-o1\" lang=\"en-US\" dir=\"ltr\" data-wpcf7-id=\"1134\">\n<div class=\"screen-reader-response\"><p role=\"status\" aria-live=\"polite\" aria-atomic=\"true\"><\/p> <ul><\/ul><\/div>\n<form action=\"\/eng\/index.php?rest_route=%2Fwp%2Fv2%2Fpages%2F73#wpcf7-f1134-o1\" method=\"post\" class=\"wpcf7-form init\" aria-label=\"Contact form\" novalidate=\"novalidate\" data-status=\"init\">\n<fieldset class=\"hidden-fields-container\"><input type=\"hidden\" name=\"_wpcf7\" value=\"1134\" \/><input type=\"hidden\" name=\"_wpcf7_version\" value=\"6.1.4\" \/><input type=\"hidden\" name=\"_wpcf7_locale\" value=\"en_US\" \/><input type=\"hidden\" name=\"_wpcf7_unit_tag\" value=\"wpcf7-f1134-o1\" \/><input type=\"hidden\" name=\"_wpcf7_container_post\" value=\"0\" \/><input type=\"hidden\" name=\"_wpcf7_posted_data_hash\" value=\"\" \/>\n<\/fieldset>\n<p><label> Your Name (required)<br \/>\n<span class=\"wpcf7-form-control-wrap\" data-name=\"your-name\"><input size=\"40\" maxlength=\"400\" class=\"wpcf7-form-control wpcf7-text wpcf7-validates-as-required\" aria-required=\"true\" aria-invalid=\"false\" value=\"\" type=\"text\" name=\"your-name\" \/><\/span> <\/label>\n<\/p>\n<p><label> Your Email (required)<br \/>\n<span class=\"wpcf7-form-control-wrap\" data-name=\"your-email\"><input size=\"40\" maxlength=\"400\" class=\"wpcf7-form-control wpcf7-email wpcf7-validates-as-required wpcf7-text wpcf7-validates-as-email\" aria-required=\"true\" aria-invalid=\"false\" value=\"\" type=\"email\" name=\"your-email\" \/><\/span> <\/label>\n<\/p>\n<p><label> Subject<br \/>\n<span class=\"wpcf7-form-control-wrap\" data-name=\"your-subject\"><input size=\"40\" maxlength=\"400\" class=\"wpcf7-form-control wpcf7-text\" aria-invalid=\"false\" value=\"\" type=\"text\" name=\"your-subject\" \/><\/span> <\/label>\n<\/p>\n<p><label> Your Message<br \/>\n<span class=\"wpcf7-form-control-wrap\" data-name=\"your-message\"><textarea cols=\"40\" rows=\"10\" maxlength=\"2000\" class=\"wpcf7-form-control wpcf7-textarea\" aria-invalid=\"false\" name=\"your-message\"><\/textarea><\/span> <\/label>\n<\/p>\n<p><input class=\"wpcf7-form-control wpcf7-submit has-spinner\" type=\"submit\" value=\"Send\" \/>\n<\/p><div class=\"wpcf7-response-output\" aria-hidden=\"true\"><\/div>\n<\/form>\n<\/div>\n\n\n\n","protected":false},"excerpt":{"rendered":"","protected":false},"author":1,"featured_media":0,"parent":0,"menu_order":0,"comment_status":"closed","ping_status":"open","template":"","meta":{"ngg_post_thumbnail":0,"footnotes":""},"class_list":["post-73","page","type-page","status-publish","hentry"],"_links":{"self":[{"href":"https:\/\/www.mik-el.com\/eng\/index.php?rest_route=\/wp\/v2\/pages\/73","targetHints":{"allow":["GET"]}}],"collection":[{"href":"https:\/\/www.mik-el.com\/eng\/index.php?rest_route=\/wp\/v2\/pages"}],"about":[{"href":"https:\/\/www.mik-el.com\/eng\/index.php?rest_route=\/wp\/v2\/types\/page"}],"author":[{"embeddable":true,"href":"https:\/\/www.mik-el.com\/eng\/index.php?rest_route=\/wp\/v2\/users\/1"}],"replies":[{"embeddable":true,"href":"https:\/\/www.mik-el.com\/eng\/index.php?rest_route=%2Fwp%2Fv2%2Fcomments&post=73"}],"version-history":[{"count":10,"href":"https:\/\/www.mik-el.com\/eng\/index.php?rest_route=\/wp\/v2\/pages\/73\/revisions"}],"predecessor-version":[{"id":1424,"href":"https:\/\/www.mik-el.com\/eng\/index.php?rest_route=\/wp\/v2\/pages\/73\/revisions\/1424"}],"wp:attachment":[{"href":"https:\/\/www.mik-el.com\/eng\/index.php?rest_route=%2Fwp%2Fv2%2Fmedia&parent=73"}],"curies":[{"name":"wp","href":"https:\/\/api.w.org\/{rel}","templated":true}]}}